g(n) = 107*n - 120. Give g(-3).
-441
Let k(z) = -2315*z + 30080. Calculate k(13).
-15
Let o(s) = s**2 - 60*s + 171. Calculate o(57).
0
Let r(o) = 106*o**2 + 739*o - 20. Give r(-7).
1
Let k(u) = -167*u - 1258. Calculate k(-9).
245
Let l(y) = 2*y**2 + 29*y + 172. Determine l(-5).
77
Let g(y) = 3*y**3 + 474*y**2 - 478*y - 151. What is g(-159)?
8
Let p(s) = 3*s**3 + 25*s**2 - 999*s - 8055. What is p(-8)?
1
Let r(i) = -i**3 + 15*i**2 + 82*i + 18. Determine r(-4).
-6
Let v(u) = -u**2 - 29*u + 43. Calculate v(-25).
143
Let l(r) = 2*r**3 - 68*r**2 + 8*r - 290. Determine l(34).
-18
Let r(q) = -434*q**2 + 6091*q - 196. Determine r(14).
14
Let r(k) = k**3 - 170*k**2 + 150*k - 25496. Calculate r(170).
4
Let r(t) = -2*t**3 - 314*t**2 - 26*t - 4079. Determine r(-157).
3
Let v(w) = -w**3 + w**2 + 4*w + 2. What is v(0)?
2
Let h(m) = 4*m**3 - 33*m**2 + 5*m + 27. Give h(8).
3
Let g(i) = 2*i**3 + 8*i**2 - i - 16. Determine g(-3).
5
Let d(s) = s**3 - 8*s**2 + s + 89. Determine d(5).
19
Let w(q) = -q**3 - 37*q**2 - 159*q + 41. What is w(-32)?
9
Let q(r) = r**2 - 40*r - 2834. Give q(77).
15
Let p(y) = -367*y + 38903. Calculate p(106).
1
Let o(g) = g**3 - 3*g**2 - 107*g + 31. What is o(12)?
43
Let i(j) = j**3 - 20*j**2 + 85*j - 4. Calculate i(14).
10
Let k(z) = 2*z**2 - 95*z - 1184. Determine k(57).
-101
Let f(g) = g**2 + 9*g - 36. Determine f(12).
216
Let q(x) = x**3 + x**2 + 14*x + 56. Determine q(0).
56
Let q(g) = -g**2 + 375*g + 7942. Calculate q(-20).
42
Let v(w) = 72*w - 23. Determine v(3).
193
Let i(v) = -v**3 - 5*v**2 + 11*v + 76. Give i(-5).
21
Let y(b) = -b**2 + 42*b - 161. Give y(24).
271
Let o(j) = 437*j + 231. Calculate o(-1).
-206
Let a(k) = 5*k**2 + 89*k + 52. Determine a(-21).
388
Let p(r) = -r**3 + 8*r**2 - 17*r + 53. Calculate p(6).
23
Let y(o) = 23*o**2 - 21*o + 14. Calculate y(2).
64
Let j(u) = -938*u + 1879. Determine j(2).
3
Let c(l) = l**3 - 11*l**2 + 35*l - 40. Give c(7).
9
Let j(i) = 11*i**2 - 10. Calculate j(-4).
166
Let j(w) = 21*w + 120. What is j(-7)?
-27
Let d(k) = 35*k + 28. Calculate d(-1).
-7
Let u(a) = a**2 + 5257*a - 21047. Calculate u(4).
-3
Let x(z) = -z**2 - 41*z - 389. Calculate x(-11).
-59
Let m(q) = 2*q**2 - 1658*q + 11505. Give m(7).
-3
Let v(g) = g**3 + 11*g**2 + 6*g - 46. What is v(-3)?
8
Let a(k) = 1010*k + 2025. What is a(-2)?
5
Let j(s) = 166*s + 95. Give j(-5).
-735
Let o(g) = 2*g**3 + 28*g**2 - 195*g + 17. What is o(5)?
-8
Let i(r) = -r**3 - 16*r**2 - 7*r + 42. Calculate i(-16).
154
Let i(j) = j**3 - 56*j**2 - 381*j + 161. What is i(62)?
-397
Let v(o) = 3*o**2 - 85*o + 32. Give v(28).
4
Let s(g) = -1109*g + 9976. Determine s(9).
-5
Let h(y) = -2*y**3 + 19*y**2 - 34*y + 77. Determine h(8).
-3
Let g(x) = -34*x**3 + 204*x**2 - 269*x + 1612. Calculate g(6).
-2
Let i(x) = 735*x + 6616. Calculate i(-9).
1
Let b(l) = 11*l**2 - 7*l + 7. Give b(3).
85
Let l(m) = -9*m**2 + 7*m - 55. Give l(6).
-337
Let c(a) = 2*a**3 + 17*a**2 - 13*a - 28. What is c(-9)?
8
Let z(x) = 6*x**2 + 4*x + 7. Determine z(-3).
49
Let k(n) = -2*n**2 - 134*n - 2060. Give k(-43).
4
Let u(d) = d**3 - 21*d**2 + 34*d - 240. What is u(20)?
40
Let p(n) = -5*n**2 + 473*n + 160. Calculate p(95).
-30
Let o(p) = -232*p - 1863. Determine o(-8).
-7
Let l(z) = 6*z - 727. What is l(59)?
-373
Let d(v) = -2*v**2 + 143*v - 1827. Determine d(55).
-12
Let j(p) = 532*p + 1848. Determine j(-4).
-280
Let x(t) = 1016*t - 12242. Determine x(12).
-50
Let t(z) = 2*z**2 + 88*z - 14. Determine t(-44).
-14
Let s(d) = -6*d**2 + 21*d + 15. What is s(4)?
3
Let m(p) = -539*p - 163306. Give m(-303).
11
Let x(q) = 28*q**3 + 23*q**2 + 9*q + 7. Give x(-1).
-7
Let a(p) = -p**2 - 9*p + 114. What is a(11)?
-106
Let t(k) = -24*k + 7. Give t(1).
-17
Let w(k) = 11*k**2 + 892*k + 1814. What is w(-79)?
-3
Let m(w) = w**3 - 30*w**2 + 193*w - 14. What is m(10)?
-84
Let o(p) = 73*p - 857. What is o(12)?
19
Let j(f) = -608*f + 38303. Give j(63).
-1
Let i(q) = -q**3 - 19*q**2 - 23*q - 82. What is i(-18)?
8
Let o(z) = 52*z - 880. Determine o(17).
4
Let f(m) = -22*m + 1992. Determine f(67).
518
Let u(z) = 305*z + 634. What is u(-2)?
24
Let b(i) = 27*i - 533. Calculate b(19).
-20
Let o(u) = u + 7. Calculate o(3).
10
Let h(i) = 101*i - 609. Give h(6).
-3
Let d(w) = -4*w**2 + 21*w + 722. Give d(-11).
7
Let n(t) = t**3 + 50*t**2 + 303*t + 89. Determine n(-43).
3
Let z(a) = -5*a**2 + 19*a + 5. Give z(4).
1
Let z(l) = 64*l**2 - 2451*l + 729. Determine z(38).
7
Let z(h) = -h**3 + 14*h**2 - 26*h - 32. Calculate z(12).
-56
Let s(f) = -f**3 + 12*f**2 - 21*f. Give s(10).
-10
Let f(d) = 2*d**2 + 60*d - 2010. Calculate f(20).
-10
Let t(i) = 246*i**2 - 1488*i - 10. Give t(6).
-82
Let y(w) = -92*w - 203. Give y(-5).
257
Let v(u) = 4*u**2 - 80*u - 1901. Calculate v(-14).
3
Let g(k) = -6*k**2 + 31*k + 11. What is g(6)?
-19
Let m(s) = 13*s - 906. Determine m(63).
-87
Let x(p) = -p**2 - 27*p + 127. Determine x(-31).
3
Let j(s) = -613*s - 11033. Determine j(-18).
1
Let b(z) = -z**3 + 8*z**2 - 17*z - 10. Determine b(6).
-40
Let c(r) = r**3 - 59*r**2 + 632*r - 82. Calculate c(45).
8
Let f(s) = s**2 - 96*s + 2299. What is f(48)?
-5
Let p(y) = -68*y + 484. Determine p(7).
8
Let u(y) = -y**2 + 74*y - 531. What is u(8)?
-3
Let n(l) = l**3 - 51*l**2 - 2*l - 401. Determine n(51).
-503
Let y(v) = 2598*v - 15591. Calculate y(6).
-3
Let d(n) = -n**3 + 4*n**2 - 47*n - 201. What is d(-5)?
259
Let w(v) = v**3 + 10*v**2 - 45*v - 114. What is w(-12)?
138
Let u(m) = -m**3 + 33*m**2 + 33*m + 9. What is u(34)?
-25
Let m(n) = 9*n**3 - 39*n**2 + 20*n + 11. Give m(5).
261
Let y(x) = x**3 - 26*x**2 + 99*x - 41. Give y(4).
3
Let l(n) = 47*n - 4900. Give l(105).
35
Let l(r) = -3604*r - 7169. Give l(-2).
39
Let y(v) = v**3 + 58*v**2 - 254*v - 294. What is y(-62)?
78
Let s(b) = -110*b + 880. Determine s(11).
-330
Let s(v) = 27*v**2 + 159*v - 161. What is s(1)?
25
Let t(l) = -2*l**3 - 191*l**2 - 94*l + 107. Give t(-95).
12
Let b(g) = -g**3 + 19*g**2 - 28*g - 151. Calculate b(17).
-49
Let l(r) = -2*r**2 - 541*r - 10939. Determine l(-22).
-5
Let c(g) = 569*g**2 + 109*g + 108. What is c(-1)?
568
Let m(t) = -2*t**3 - 31*t**2 - 10*t + 92. What is m(-15)?
17
Let b(q) = -387*q + 279. Calculate b(1).
-108
Let c(s) = -s**2 + 20*s - 89. What is c(7)?
2
Let n(u) = -3*u**2 + 143*u + 15. Calculate n(0).
15
Let n(l) = -3*l**2 - 33*l + 26. Calculate n(-18).
-352
Let q(k) = 319*k - 4102. What is q(13)?
45
Let h(z) = 342*z + 1500. What is h(-5)?
-210
Let n(q) = 5*q**2 + 126*q + 440. Calculate n(-4).
16
Let c(j) = 33*j - 441. Determine c(11).
-78
Let r(y) = 2236*y + 20135. Determine r(-9).
11
Let m(r) = -r**2 - 21*r - 82. Determine m(-12).
26
Let a(d) = -d**3 + 16*d**2 + 4*d - 46. Give a(16).
18
Let g(r) = -r**2 + 97*r - 1987. Give g(29).
-15
Let b(g) = g**2 - 1010*g + 13944. What is b(14)?
0
Let o(p) = 12*p + 61. What is o(-8)?
-35
Let k(i) = -i**3 + 15*i**2 + 65*i + 13. Determine k(-3).
-20
Let v(r) = 3*r**2 - 103*r + 227. Calculate v(32).
3
Let x(f) = f**3 - 43*f**2 + 458*f + 35. What is x(20)?
-5
Let o(m) = 8*m - 489. Determine o(52).
-73
Let p(y) = -3208*y - 22467. What is p(-7)?
-11
Let a(j) = -j**2 - 36*j - 39. Give a(-5).
116
Let g(l) = 3*l**2 - 52*l + 190. Determine g(12).
-2
Let b(w) = -2*w**2 - 82*w + 457. What is b(5)?
-3
Let s(z) = 21*z - 161. Determine s(14).
133
Let w(i) = -i**3 - 45*i**2 + 191*i - 171. Give w(-49).
74
Let j(v) = -v**3 - 42*v**2 - 218*v - 21. Determine j(-6).
-9
Let w(j) = 6*j**3 - 27*j**2 + 2*j + 33. Determine w(4).
-7
Let r(w) = -4*w**3 - 177*w**2 - 173*w - 5679. Give r(-44).
-3
Let y(u) = u**3 - 53*u**2 + 597*u - 186. What is y(37)?
-1
Let d(l) = 1790*l + 41163. Give d(-23).
-7
Let k(u) = 4*u**3 + 24*u**2 + 11*u - 43. Give k(-5).
2
Let p(h) = -h**2 + 5*h + 69. Determine p(9).
33
Let n(t) = t**3 - 4*t**2 + 49*t - 250. Give n(5).
20
Let o(s) = -174*s + 2772. Determine o(16).
-12
Let y(z) = -1908*z + 164092. Determine y(86).
4
Let a(g) = g**3 - 66*g**2 - 10*g + 661. Determine a(66).
1
Let r(b) = -b**2 + 116*b - 3340. Calculate r(52).
-12
Let o(i) = -i**2 + 43*i + 1915. Determine o(71).
-73
Let l(b) = 14*b**2 - 45*b + 10. What is l(3)?
1
Let y(b) = -146*b - 7735. Determine y(-53).
3
Let k(o) = -o**2 - 314*o - 3351. Calculate k(-11).
-18
Let g(i) = 51*i - 522. What is g(19)?
447
Let z(j) = -j**2 - 9*j + 22. What is z(-10)?
12
Let q(o) = 